{"id":209,"date":"2025-10-02T08:56:10","date_gmt":"2025-10-02T08:56:10","guid":{"rendered":"https:\/\/proietti-publicite.fr\/?page_id=209"},"modified":"2025-10-02T09:05:48","modified_gmt":"2025-10-02T09:05:48","slug":"mentions-legales","status":"publish","type":"page","link":"https:\/\/proietti-publicite.fr\/index.php\/mentions-legales\/","title":{"rendered":"Mentions l\u00e9gales"},"content":{"rendered":"\t\t<div data-elementor-type=\"wp-page\" data-elementor-id=\"209\" class=\"elementor elementor-209\" data-elementor-post-type=\"page\">\n\t\t\t\t<div class=\"elementor-element elementor-element-e5566bb e-flex e-con-boxed e-con e-parent\" data-id=\"e5566bb\" data-element_type=\"container\" data-settings=\"{&quot;background_background&quot;:&quot;classic&quot;}\">\n\t\t\t\t\t<div class=\"e-con-inner\">\n\t\t\t\t<div class=\"elementor-element elementor-element-ac39639 elementor-widget__width-inherit elementor-widget elementor-widget-heading\" data-id=\"ac39639\" data-element_type=\"widget\" data-widget_type=\"heading.default\">\n\t\t\t\t\t<h2 class=\"elementor-heading-title elementor-size-default\">Mentions l\u00e9gales<\/h2>\t\t\t\t<\/div>\n\t\t\t\t\t<\/div>\n\t\t\t\t<\/div>\n\t\t<div class=\"elementor-element elementor-element-66b0531 e-flex e-con-boxed e-con e-parent\" data-id=\"66b0531\" data-element_type=\"container\">\n\t\t\t\t\t<div class=\"e-con-inner\">\n\t\t\t\t<div class=\"elementor-element elementor-element-7ad95c10 elementor-widget elementor-widget-text-editor\" data-id=\"7ad95c10\" data-element_type=\"widget\" data-widget_type=\"text-editor.default\">\n\t\t\t\t\t\t\t\t\t\n<p>L\u2019ensemble de ce site Internet rel\u00e8ve de la l\u00e9gislation fran\u00e7aise et internationale sur le droit d\u2019auteur et la propri\u00e9t\u00e9 intellectuelle. Tous les droits de reproduction sont r\u00e9serv\u00e9s, y compris les documents t\u00e9l\u00e9chargeables et les repr\u00e9sentations iconographiques et photographiques.<br>La reproduction de tout ou partie de ce site Internet sur un support quel qu\u2019il soit, est formellement interdite, sauf autorisation expresse du directeur de la publication de la soci\u00e9t\u00e9 Proietti Publicit\u00e9 ci-apr\u00e8s d\u00e9sign\u00e9e :<br><\/p>\n\n\n\n<h2 class=\"wp-block-heading\">Propri\u00e9taire du site<\/h2>\n\n\n\n<p>D\u00e9nomination sociale :\u00a0Proietti Publicit\u00e9<br>Adresse du si\u00e8ge social : 52 av. Mar\u00e9chal Joffre \u2013 12000 Rodez<br>Num\u00e9ro de t\u00e9l\u00e9phone : 05 65 42 86 16<br>Forme juridique : Entreprise Unipersonnelle \u00e0 responsabilit\u00e9 limit\u00e9e (EURL)<br>N\u00b0 SIRET : 41344901800048<br>Num\u00e9ro de TVA : FR15413449018<br>Repr\u00e9sentant l\u00e9gal : Bernard Proietti\u00a0<\/p>\n\n\n\n<h2 class=\"wp-block-heading\">Editeur du site<\/h2>\n\n\n\n<p>Directeur de la publication : Bernard Proietti<br>Proietti Publicit\u00e9<br>52 av. Mar\u00e9chal Joffre \u2013 12000 Rodez<br>T\u00e9l.\u00a005 65 42 86 16<\/p>\n\n\n\n<h2 class=\"wp-block-heading\">Cr\u00e9ateur du site<\/h2>\n\n\n\n<p>Proietti Publicit\u00e9<br>52 av. Mar\u00e9chal Joffre \u2013 12000 Rodez<\/p>\n\n\n\n<h2 class=\"wp-block-heading\">H\u00e9bergeur<\/h2>\n\n\n\n<p>OVH<br>Si\u00e8ge social : 2 rue Kellermann \u2013 59100 Roubaix \u2013 France<br>RCS Lille M\u00e9tropole 424 761 419 00045<br>Code APE 2620Z<br>N\u00b0 TVA : FR 22 424 761 419<\/p>\n\t\t\t\t\t\t\t\t<\/div>\n\t\t\t\t\t<\/div>\n\t\t\t\t<\/div>\n\t\t\t\t<\/div>\n\t\t","protected":false},"excerpt":{"rendered":"<p>Mentions l\u00e9gales L\u2019ensemble de ce site Internet rel\u00e8ve de la l\u00e9gislation fran\u00e7aise et internationale sur le droit d\u2019auteur et la propri\u00e9t\u00e9 intellectuelle. Tous les droits de reproduction sont r\u00e9serv\u00e9s, y compris les documents t\u00e9l\u00e9chargeables et les repr\u00e9sentations iconographiques et photographiques.La reproduction de tout ou partie de ce site Internet sur un support quel qu\u2019il soit, [&hellip;]<\/p>\n","protected":false},"author":1,"featured_media":0,"parent":0,"menu_order":0,"comment_status":"closed","ping_status":"closed","template":"","meta":{"footnotes":""},"class_list":["post-209","page","type-page","status-publish","hentry"],"_links":{"self":[{"href":"https:\/\/proietti-publicite.fr\/index.php\/wp-json\/wp\/v2\/pages\/209","targetHints":{"allow":["GET"]}}],"collection":[{"href":"https:\/\/proietti-publicite.fr\/index.php\/wp-json\/wp\/v2\/pages"}],"about":[{"href":"https:\/\/proietti-publicite.fr\/index.php\/wp-json\/wp\/v2\/types\/page"}],"author":[{"embeddable":true,"href":"https:\/\/proietti-publicite.fr\/index.php\/wp-json\/wp\/v2\/users\/1"}],"replies":[{"embeddable":true,"href":"https:\/\/proietti-publicite.fr\/index.php\/wp-json\/wp\/v2\/comments?post=209"}],"version-history":[{"count":5,"href":"https:\/\/proietti-publicite.fr\/index.php\/wp-json\/wp\/v2\/pages\/209\/revisions"}],"predecessor-version":[{"id":225,"href":"https:\/\/proietti-publicite.fr\/index.php\/wp-json\/wp\/v2\/pages\/209\/revisions\/225"}],"wp:attachment":[{"href":"https:\/\/proietti-publicite.fr\/index.php\/wp-json\/wp\/v2\/media?parent=209"}],"curies":[{"name":"wp","href":"https:\/\/api.w.org\/{rel}","templated":true}]}}

Mentions légales

<div data-elementor-type="wp-page" data-elementor-id="209" class="elementor elementor-209" data-elementor-post-type="page">
				<div class="elementor-element elementor-element-e5566bb e-flex e-con-boxed e-con e-parent" data-id="e5566bb" data-element_type="container" data-settings="{&quot;background_background&quot;:&quot;classic&quot;}">
					<div class="e-con-inner">
				<div class="elementor-element elementor-element-ac39639 elementor-widget__width-inherit elementor-widget elementor-widget-heading" data-id="ac39639" data-element_type="widget" data-widget_type="heading.default">
					<h2 class="elementor-heading-title elementor-size-default">Mentions légales</h2>				</div>
					</div>
				</div>
		<div class="elementor-element elementor-element-66b0531 e-flex e-con-boxed e-con e-parent" data-id="66b0531" data-element_type="container">
					<div class="e-con-inner">
				<div class="elementor-element elementor-element-7ad95c10 elementor-widget elementor-widget-text-editor" data-id="7ad95c10" data-element_type="widget" data-widget_type="text-editor.default">
									
<p>L’ensemble de ce site Internet relève de la législation française et internationale sur le droit d’auteur et la propriété intellectuelle. Tous les droits de reproduction sont réservés, y compris les documents téléchargeables et les représentations iconographiques et photographiques.<br>La reproduction de tout ou partie de ce site Internet sur un support quel qu’il soit, est formellement interdite, sauf autorisation expresse du directeur de la publication de la société Proietti Publicité ci-après désignée :<br></p>



<h2 class="wp-block-heading">Propriétaire du site</h2>



<p>Dénomination sociale : Proietti Publicité<br>Adresse du siège social : 52 av. Maréchal Joffre – 12000 Rodez<br>Numéro de téléphone : 05 65 42 86 16<br>Forme juridique : Entreprise Unipersonnelle à responsabilité limitée (EURL)<br>N° SIRET : 41344901800048<br>Numéro de TVA : FR15413449018<br>Représentant légal : Bernard Proietti </p>



<h2 class="wp-block-heading">Editeur du site</h2>



<p>Directeur de la publication : Bernard Proietti<br>Proietti Publicité<br>52 av. Maréchal Joffre – 12000 Rodez<br>Tél. 05 65 42 86 16</p>



<h2 class="wp-block-heading">Créateur du site</h2>



<p>Proietti Publicité<br>52 av. Maréchal Joffre – 12000 Rodez</p>



<h2 class="wp-block-heading">Hébergeur</h2>



<p>OVH<br>Siège social : 2 rue Kellermann – 59100 Roubaix – France<br>RCS Lille Métropole 424 761 419 00045<br>Code APE 2620Z<br>N° TVA : FR 22 424 761 419</p>
								</div>
					</div>
				</div>
				</div>

<p>Mentions légales L’ensemble de ce site Internet relève de la législation française et internationale sur le droit d’auteur et la propriété intellectuelle. Tous les droits de reproduction sont réservés, y compris les documents téléchargeables et les représentations iconographiques et photographiques.La reproduction de tout ou partie de ce site Internet sur un support quel qu’il soit, [&hellip;]</p>
